et c(y) be the second derivative of -y**4/12 - 4*y**3/3 - y**2/2 + y + 379. What is c(s)?
6
Suppose 53*y - 1620 = 26*y. Suppose -12*b = 3*b - y. Let x(v) = -1 + 2 + 2*v**2 - v**3 + 0*v + 5*v. What is x(b)?
-11
Let u(t) = 15*t - 90. Let a(p) = p**3 + 17*p**2 - 139*p - 17. Let q be a(-23). What is u(q)?
0
Suppose 0 = -3*x - 123 + 117. Let f(a) = -4*a + 9. Let t(r) = 9*r - 19. Let q(o) = x*t(o) - 5*f(o). Give q(7).
7
Let x(n) = 2*n**2 - n + 10. Let i(j) = 3*j**2 - 33*j - 220. Let s(y) = -i(y) + 2*x(y). Give s(-18).
6
Let z = 54099 + -54103. Let n(j) = j**3 - 5*j**2 + 2*j - 7. Let x be n(5). Let f(w) = -3 + x + 8 + w. Give f(z).
4
Let d(z) be the second derivative of -5*z**3/3 + 22*z**2 - 3618*z. Calculate d(0).
44
Let v(c) = -c**3 - 8*c**2 - c - 18. Suppose 439 = -90*s - 101. Determine v(s).
-84
Let o(j) be the second derivative of -5/2*j**3 + 86*j - 1 + 5/2*j**2 - 1/12*j**4. What is o(-16)?
-11
Let y(f) = -49 - 25*f - 41*f + 73*f + 4. Calculate y(5).
-10
Let q(v) = 4*v - 30. Suppose -2*u = 5*z - 30, -5*u - 15 = 2*z - 6. Let y be q(z). Let i(j) = 2*j**3 - 2*j**2 + j + 2. Determine i(y).
12
Let j(x) = 3*x**2 + 5*x + 5. Let a be 7/(-168)*-6 + (-38)/(-8). Let m(t) = -7*t**2 - 10*t - 12. Let q(g) = a*j(g) + 2*m(g). Determine q(-5).
1
Let i(w) = 44*w**3 + 2*w**2 - 2*w + 1. Let a(m) = m**2 - 103*m - 1637. Let c be a(-14). Calculate i(c).
45
Suppose 4*u = 5*n + 12, -u + 18 = 5*n - 10. Let i = 2 + 0. Let z(o) = 0*o**i + 5 - o**2 + 0 + o**3 - 7*o**2 + o. Give z(u).
13
Suppose 4*c = 3*c - 1, -5 = -4*x + c. Let w(v) be the first derivative of 2*v**2 - v + 522. What is w(x)?
3
Let d be 1*(-6)/(-3) + 0. Let y(n) = -6*n**2 - 5*n - 8. Let v(p) = 2*p**2 + 2*p + 3. Let j(w) = 13*v(w) + 5*y(w). What is j(d)?
-15
Let h(z) = z**2. Let m be (132/297)/((-2)/9). What is h(m)?
4
Let i(w) = 92*w. Let p(g) = 17*g + 1. Let t(s) = 2*i(s) - 11*p(s). Calculate t(-4).
1
Let p(j) = -891*j**3 + 4*j - 7*j**2 + 0*j + 890*j**3 + 24. Give p(-7).
-4
Let k(i) be the first derivative of -i**5/120 - i**4/12 + 16*i**3 + 4. Let a(q) be the third derivative of k(q). What is a(-6)?
4
Let o = 19 - 15. Suppose 3*z - 21 = -4*i, 4*z + o*i - 15 = 3*z. Let a(r) = z + 1 - r - 2. What is a(-5)?
7
Let h(g) be the third derivative of -g**5/120 - g**4/3 - 49*g**3/3 - g**2 - 19*g. Let p(z) be the first derivative of h(z). Determine p(6).
-14
Suppose 0 = -l - 1 - 4, -20 = 3*j + l. Let x be (2 + 0)*j/10*-9. Let n(o) = 7*o - 12. Give n(x).
51
Let i(x) be the second derivative of -x**6/120 - x**5/12 - x**4/12 - x**3/2 - 78*x**2 - 46*x. Let w(o) be the first derivative of i(o). What is w(-2)?
-11
Let v(x) = 2636 + 0*x**2 + 5*x + 2652 + 4*x**2 - x**3 - 5279. Calculate v(5).
9
Let s(i) = -57*i - 13 - 55*i - 43*i + 143*i - 7*i**2 - i**3 - 6*i**2. Suppose -3*v = 3*r + 24, -4*v + 21 = 5. Determine s(r).
-13
Suppose 79*y + 5452 = 5215. Let x(t) = 2*t**3 + t**2 - 5*t - 5. Determine x(y).
-35
Let g(z) = z**2 - 4*z + 5. Suppose 484 = -2*n + 200. Let q = -140 - n. Suppose 12*v + 1 = 3*x + 7*v, -3*x + 8 = q*v. Determine g(x).
1
Let q(t) = -1 + 6 - 3 - 3*t + 3*t**2. Suppose 20*j - 15*j + 18 = 14*j. Calculate q(j).
8
Let w(z) = -2*z - 17. Suppose 5*r - 3*r - 6 = 0. Suppose 0*v - 18 = r*v. Determine w(v).
-5
Let v = 6932 - 6952. Let p(u) = 6*u + 126. Determine p(v).
6
Let h(j) = -5*j**2 - 8*j + 21. Let x(o) = 14*o**2 + 20*o - 64. Let u(n) = -8*h(n) - 3*x(n). Give u(-3).
-6
Suppose -4*j = -15*x + 14*x - 2155, 1635 = 3*j + 3*x. Let u = j + -547. Let b(y) = y**2 + 8*y - 2. Determine b(u).
-9
Let t be 30/3 - (-2)/(-1). Let f(u) be the first derivative of -u**4/4 + 8*u**3/3 - 7*u - 31693. What is f(t)?
-7
Let n(w) = 5 - w + 2 - 3. Let c be 110/4*(-34)/85. Let b(u) = u**3 + 10*u**2 - 16*u - 55. Let v be b(c). Determine n(v).
4
Let k(x) be the second derivative of 1/20*x**5 + 1 - 59*x + 2*x**3 - 2/3*x**4 - 1/2*x**2. What is k(6)?
-1
Let a(u) = -u**2 - 14*u - 12. Let q be a(-13). Let p(k) be the first derivative of -4*k**3/3 + k**2/2 - 189. Give p(q).
-3
Let f(j) = -6*j + 3. Let y be (-19683)/99 - 2/11. Let k = y - -208. Calculate f(k).
-51
Let m(l) = l**3 - 4*l**2 - 2*l - 10. Let x = 23960 - 23954. What is m(x)?
50
Let p(b) = -2*b**3 + 8*b**2 + 11*b + 9. Let d(u) = u**3 + u**2 - u - 1. Let k(x) = 3*d(x) + p(x). Let w = 73801 + -73811. Give k(w).
26
Let b(q) be the third derivative of -3*q**4/8 - 55*q**3/3 + 9483*q**2. Determine b(-12).
-2
Suppose -4*r = t - 6 - 8, 0 = 3*t - 3*r - 27. Let n(g) = t + 0 - g + 3*g. What is n(-7)?
-4
Let r(c) = -3*c + 19. Suppose 45*d - 238 = 32. What is r(d)?
1
Let x(v) be the first derivative of -20 + 0*v + 1/3*v**3 - 1/4*v**4 + 3*v**2. Let l be x(3). Let m(p) = -p + 1. Determine m(l).
1
Let k(t) = -3*t**2 + 99*t - 756. Let j be k(12). Let h(i) = i**3 + 5 - i**3 - i**3. Determine h(j).
5
Let q(x) = -22 + 12 + 22 + 16 - 12*x - 5. What is q(-3)?
59
Let i(q) = 7*q**3 - 91*q**2 + 171*q - 87. Let t(d) = -18*d**3 + 228*d**2 - 428*d + 218. Let g(o) = 13*i(o) + 5*t(o). Give g(41).
0
Let i = -5145 - -5143. Let k(j) = 9*j + 14. Give k(i).
-4
Suppose -5*p = -3*p - 3*l + 6, -4*l = 0. Let z(r) be the third derivative of -1/24*r**4 - 3 - 1/2*r**3 + 0*r - 2*r**2. What is z(p)?
0
Let n(c) = -4*c**2 + 42*c - 18. Let s be n(10). Suppose -6 = s*u, 3*u - 2*u = -3*v. Let k(m) = -19*m + 1. Determine k(v).
-18
Let x(v) = -9*v - 1. Let s = 238 + -234. Suppose -11 = -5*l - 3*d, 3 = -l + 4*d - s. Give x(l).
-10
Let x = -196 + 201. Suppose 0 = -x*z - 4*z. Let n(m) be the second derivative of m**4/12 - m**3/6 + m**2/2 - 2*m. Determine n(z).
1
Suppose 4*h - 4 + 0 = 0, -k = -4*h + 154. Let o = k + 149. Let u(s) = -7*s - 1. Give u(o).
6
Let i be 109/1 + (-2 - 35/(-7)). Let o(m) = -59*m - 50*m + 2 + i*m. What is o(5)?
17
Let w = 6505 - 6505. Let o(f) = -f**2 + f - 23. Calculate o(w).
-23
Let g be 18/15*(-25)/10. Let u(j) = -j**3 - j**2 - 3*j - 3. What is u(g)?
24
Let c(f) be the third derivative of -f**6/60 - f**5/15 + 17*f**4/24 - f**3/2 + 3*f**2 + 2*f - 553. Calculate c(-4).
-7
Let v(y) be the first derivative of -1/2*y**3 - 1/10*y**5 + 11 + 5*y**2 + 0*y + 1/120*y**6 + 5/24*y**4. Let f(c) be the second derivative of v(c). What is f(5)?
-3
Let c(n) = -6*n + 51. Let s(j) = j**2 - 216*j + 1270. Let y be s(6). Give c(y).
-9
Let c(q) be the third derivative of q**6/5 - q**5/60 + q**4/24 + q**3/6 + 66*q**2 + 8*q. Let k(n) = 2*n**2 + 20*n - 1. Let o be k(-10). Give c(o).
-25
Let x(s) = 5*s**2 - 26*s - 13. Let d = -584 - -576. Let m(v) = -2*v**2 + 8*v + 4. Let h(j) = d*m(j) - 3*x(j). What is h(-13)?
-6
Let p(c) = 4*c**3 - 3*c**3 + 11 + 14*c**2 + 117912*c - 117927*c. Determine p(-15).
11
Let v = -95 + 98. Let w(m) = -11 - 4*m + 0*m + v*m + 2. Calculate w(0).
-9
Let s(a) = a**2 - 3*a + 11. Let p = 6703 - 6697. What is s(p)?
29
Let q(f) = -2*f + 12912*f**2 + 12 + 12911*f**2 - 25824*f**2. Determine q(4).
-12
Let l(r) = -18368*r + 229 + 1 + 18322*r. Calculate l(5).
0
Suppose -2*r = -0*i - i + 6, 4*r - 3*i = -16. Suppose -4*k - 5*w + 7 = 0, 25*w - 24*w + 7 = 2*k. Let z(q) = 5*q**3 + q**k + 3*q**3 - 4*q**3 - 1. Determine z(r).
-6
Let j = 447 + -458. Let y(q) = -7*q - 77. Let o be y(j). Let a(u) = u**2 + u - 3. What is a(o)?
-3
Let u be 53 + ((-4)/(-3))/((-1)/3). Let v(l) = u - 25 + 26*l - 25. Calculate v(1).
25
Suppose -10*b + 36 = 26*b. Let u(v) = 0*v + 10*v - 485 + 484. What is u(b)?
9
Suppose -57*q - 5 = -62*q. Let v(n) = n**2 - n - 2. Let f(s) = 4*s**2 - 2*s - 2. Let y(i) = q*f(i) - 3*v(i). Calculate y(-6).
34
Let j(u) = 797*u - 15 - 810*u - 17 + 1 + 7 - u**2. Give j(-10).
6
Let g(z) = -5*z + 7*z - 5 + 0 - 1. Suppose 2*m + n = 336 - 310, -n = 5*m - 56. What is g(m)?
14
Suppose -3*x = -3*i - i - 25, 3*i = -2*x + 11. Let h(t) = 5 - 4 + 11*t - 12*t. Let p(r) = -5*r - 3. Let q(l) = -3*h(l) + p(l). Determine q(x).
-20
Let j = 18888 - 18892. Let g(u) = 5*u**2 + 3*u - 10. Give g(j).
58
Let a = 13 + -14. Let q(z) = -66*z + 76. Let m(t) = -15*t + 18. Let d(u) = 17*m(u) - 4*q(u). What is d(a)?
-7
Let x(n) = 15*n - 2. Let s(o) = 89*o - 12. Let j(f) = -s(f) + 6*x(f). Suppose 2*v - m + 10 = -0*m, 4*m = v - 9. Let d be (-3)/6 + v/2. What is j(d)?
-4
Let x(m) be the third derivative of m**5/60 + 5*m**4/6 + 15*m**3/2 - 20*m**2 + 37. Give x(-13).
-46
Let a(v) be the first derivative of 1/2*v**2 - 5*v + 123. Determine a(11).
6
Let b(w) = -w**3 - 3*w*